pose 0 = b + 10 + 53. Let u = b + 87. Calculate the highest common factor of u and 60.
12
Let r be 16/12*(-27)/(-6). Calculate the greatest common divisor of 174 and r.
6
Let v be (-69 - 1)*(-1)/2. Let q = v + -25. Suppose -212 = -2*h - 2*i, -4*h + 4*i + 566 = h. What is the greatest common factor of q and h?
10
Suppose 4*s - 86 = -2*p - 0, -4*s - p = -89. Let n = s - -1. Calculate the highest common factor of 3 and n.
3
Suppose x - 2 = 7. Let l be (-346)/6 - (-4)/(-12). Let r = l + 139. Calculate the greatest common factor of r and x.
9
Let t(y) be the first derivative of -4*y - 6*y**2 + 2/3*y**3 - 1. Let m be t(9). Calculate the highest common factor of 10 and m.
10
Suppose -3*l = -2*p + 8, 3*l + 4*p - 10 - 6 = 0. Suppose l*r - 5*i = r - 79, -3*r = i - 209. Calculate the greatest common divisor of r and 46.
23
Let q be 164/(-6)*((-270)/(-18) + -21). Let c = 45 - 4. Calculate the highest common factor of q and c.
41
Let v(d) = -d**2 + 5*d. Let j be v(4). Let h be -1 + -1 + j + 35. Let m = -147 + 480. What is the highest common factor of m and h?
37
Let r = 0 - -5. Suppose c + 0*c + r*d - 32 = 0, d - 82 = -2*c. Calculate the greatest common factor of c and 28.
14
Let c be (-12)/(-16)*4*-2. Let l be ((-4)/c)/((-8)/72). Let k = l + 14. What is the highest common factor of k and 8?
8
Suppose 4*v = v + 594. Suppose 5*c - 33 - 31 = -3*b, 3*b - 3*c - 48 = 0. What is the greatest common factor of b and v?
18
Let y be (-5 + 3)*(-1)/1. Suppose 3*a = -x + 87 + 257, 4*x - y*a - 1404 = 0. Let l = -203 + x. Calculate the greatest common divisor of l and 21.
21
Let p be (-528)/(-14) - (5 + (-111)/21). What is the highest common factor of 4 and p?
2
Let p(r) = -8*r - 78. Let y be p(-16). What is the highest common factor of 125 and y?
25
Suppose 2*a + 0*z = -2*z + 8, 0 = 2*z - 2. Suppose 0*m - a*m = 9. Let d be 42/(1 + m/(-3)). Calculate the highest common divisor of 7 and d.
7
Suppose -12 = 4*k - 0*k. Let n be k/1*(-6)/9. Suppose -s = -n - 7. What is the highest common divisor of 9 and s?
9
Let u = 702 + -696. What is the greatest common divisor of u and 1740?
6
Suppose -2*w - 32 = 2*g, 0*g - 12 = w + 3*g. Let l = 20 + w. Suppose 4*t - l + 41 = 5*f, -3*f = t - 20. What is the highest common factor of 14 and f?
7
Suppose -8*z + 4147 = 21*z. Calculate the highest common divisor of 22 and z.
11
Let n be (-6 - 1)/(2/(-12)). Suppose 2*c - 31 = -79. Let w = 52 + c. What is the greatest common divisor of n and w?
14
Let a(p) = -p**3 + 15*p**2 - p + 18. Let w be a(15). Suppose -w*t + 2*i = -49, i - 2*i + 8 = t. What is the greatest common factor of 52 and t?
13
Let u be 9/15 + -1 - (-426)/15. What is the highest common divisor of 98 and u?
14
Let t(b) = -2*b**2 + 18*b - 23. Let q be t(6). What is the greatest common factor of q and 91?
13
Let p(h) = h**3 - 10*h**2 + h - 6. Let n be p(10). Let l(d) = -d + 6. Let q be l(n). Suppose 6*r = q*r + 88. Calculate the highest common divisor of r and 2.
2
Let l be 5 - ((-2 - -1) + 2). Suppose 0 = -t - 0*t + 5*h, -92 = -4*t - 3*h. Suppose 70*b - 75*b + t = 0. What is the greatest common factor of l and b?
4
Let v = -9 - -4. Let r be (-42)/12 - (-1)/(-2). Let t = r - v. Calculate the greatest common divisor of t and 3.
1
Let r be 5*9/(90/(-52)). Let n = r + 65. Calculate the greatest common divisor of 13 and n.
13
Let m be -4 - (-5 + 1 + -4). Suppose -m*d + 440 + 428 = 0. What is the highest common divisor of 31 and d?
31
Let t = 498 - 273. Calculate the highest common divisor of t and 50.
25
Let k(t) = -t + 41. Let f be k(20). Let a(l) = l**2 + 4*l - 2. Let u be a(-5). What is the greatest common factor of f and u?
3
Let o(w) = 5*w - 1 + 6 - w**2 + 2*w. Let t be o(5). Calculate the highest common factor of t and 6.
3
Let v be (-1)/1 + 1/(-2)*-54. What is the highest common factor of 8 and v?
2
Suppose 4*t = s - 205, 3*t - 2*t = s - 52. Let w = t - -66. Let u(i) = 2*i**2 - 2*i + 3. Let y be u(3). What is the greatest common factor of y and w?
15
Let w be ((-4)/8 - -1)*72. Calculate the greatest common divisor of w and 52.
4
Let z(b) = -b**3 - 2*b**2 - 5. Let r be z(-3). Suppose 0 = 5*w + 25, -2*w + 58 = r*j - 4*w. Calculate the greatest common factor of 132 and j.
12
Let l(n) be the second derivative of -n**4/12 + n**3 + 7*n**2/2 - 3*n. Let u be l(6). Calculate the greatest common divisor of 63 and u.
7
Suppose -5*t + 9 = -11. Let n be 6 - (9 - t - 2). Suppose 2 = 3*g - n*q - 28, q = 2*g - 21. Calculate the greatest common factor of g and 88.
11
Suppose -q = -3 - 0, 4*q - 64 = -r. Suppose 5*k - 2*k + 5*o = r, -84 = -4*k - 3*o. Calculate the highest common divisor of k and 36.
12
Let y be 20/(-40) - ((-993)/2 - -1). What is the greatest common divisor of y and 11?
11
Suppose -2*r + 31 = 3*s, 2*s + s - 11 = -r. Let l(g) = -21*g - 137. Let h be l(-17). Calculate the highest common factor of h and r.
20
Let q = 1 - -2. Let w(a) = 5*a**2 - 1. Let u be w(q). Let x = 1077 + -1073. What is the highest common factor of x and u?
4
Let f = 66 + -63. Suppose -f*l + 2*z + 18 = 0, 4*l - 19 = 2*l - z. Calculate the greatest common divisor of l and 16.
8
Suppose -80 = 6*h - 566. Calculate the highest common factor of 144 and h.
9
Let m = -70 + 96. Let r = 58 - m. Calculate the highest common factor of r and 64.
32
Let u = 0 - -4. Suppose u*y - 6*g - 372 = -g, 3*y - 3*g - 276 = 0. What is the greatest common factor of y and 8?
8
Suppose z = 4*p + 458, -3*z = p + z + 123. Let h be p/(-15) + (-6)/9. What is the greatest common divisor of 49 and h?
7
Let f be (-1)/3 + 604/12. Let s = 15 + -9. Let z = s + 69. What is the greatest common factor of f and z?
25
Suppose -4*i - n = -9, 4*i + 4*n - 10 = 2. Suppose b = v + 4, i*v + 8 = -b - v. Suppose -9 = -x + b. Calculate the greatest common divisor of 110 and x.
10
Let d = -41 - -43. Suppose d*n + 5 = -3*r + 4, r - 2*n = 5. Let q(c) = 2*c**2 + 6*c + 1. Let g be q(-4). What is the greatest common factor of r and g?
1
Suppose 239*t - 248*t + 2052 = 0. Calculate the greatest common factor of 1216 and t.
76
Let o = -1035 - -1662. What is the highest common divisor of 57 and o?
57
Let n(u) = 30*u + 324. Let x be n(-8). What is the highest common divisor of 672 and x?
84
Let g(h) = -h**3 + 38*h**2 - 21*h - 62. Let l be g(37). Calculate the greatest common divisor of 10 and l.
10
Let w be 3/(-9) + 770/42. What is the greatest common divisor of 450 and w?
18
Let d be ((-178)/(-8))/((-13)/(-52)). Suppose d + 23 = 4*z. Calculate the greatest common factor of z and 28.
28
Let s be (-2)/6*(-5 - 283). What is the greatest common factor of s and 288?
96
Let b = -1284 - -2490. Calculate the greatest common factor of 18 and b.
18
Suppose 107*v - 121*v - 798 = 0. Suppose 5*s - 4*s + 63 = -2*k, -2*k - 3*s = 65. Let d = k - v. What is the greatest common factor of 26 and d?
26
Suppose -5*h = 4*i - 17, -2*h + h + 3 = i. Let b be ((-75)/(-25))/(-5 - -8). What is the highest common factor of h and b?
1
Let b = 4 + -16. Suppose a - 54 = 4*a. Let x be (27/a)/(2/b). Calculate the highest common factor of 27 and x.
9
Suppose 89 = -5*p + 409. Let y(x) = -9*x**3 + 5*x**2 + 8*x + 2. Let o be y(-1). What is the greatest common divisor of p and o?
8
Let q(r) = 25*r**3 - 24*r**3 - 3 + 2 - 4*r**2 + 4*r. Let v be q(4). Let l be 5*(-3 - (-153)/v). Calculate the highest common factor of 24 and l.
12
Let h(p) = 6*p**2 - 3*p - 1. Let w be h(-8). What is the greatest common divisor of 37 and w?
37
Let l be -1 - (3/(-21) + (-96)/14). Let h be 363/l - (21/6)/7. Calculate the greatest common factor of h and 20.
20
Let p(s) = -4*s**3 - 12*s**2 + 5*s + 5. Let a be p(-4). Calculate the greatest common factor of a and 63.
7
Suppose 2*h = -3*h. Let v = 3 - h. Let p = -118 - -133. Calculate the greatest common factor of v and p.
3
Let o be ((-12)/2*-1)/(44/(-22)). Let d be (-32)/36*o*12. What is the highest common factor of d and 352?
32
Let n(o) = o**2 + 8*o + 16. Suppose 13*x - 12*x + 5 = 0. Let w be n(x). What is the greatest common factor of w and 1?
1
Let f(m) = -m**3 + 2*m**2 + 2*m + 5. Let k be f(3). Suppose 0 = -p + 4*v + 22, 5*v = 12 - k. Calculate the greatest common factor of 30 and p.
30
Let p be (-4)/(-10) + 718/5. Suppose 5*h + 322 - 1381 = 3*x, -5*h + 4*x + 1062 = 0. Let b = h - p. What is the highest common divisor of b and 6?
